{"id":14881,"date":"2024-11-21T09:21:22","date_gmt":"2024-11-21T09:21:22","guid":{"rendered":"https:\/\/uamd.edu.al\/?post_type=tribe_events&#038;p=14881"},"modified":"2024-11-21T09:21:22","modified_gmt":"2024-11-21T09:21:22","slug":"international-week-in-vilnius-2","status":"publish","type":"tribe_events","link":"https:\/\/uamd.edu.al\/en\/event\/international-week-in-vilnius-2\/","title":{"rendered":"International Week in Vilnius"},"content":{"rendered":"<p><strong>Universiteti &#8220;Aleksand\u00ebr Moisiu&#8221; i Durr\u00ebsit<\/strong>, Fakulteti i Biznesit, n\u00ebn udh\u00ebheqjen e <strong>Dr. Mirela Tase<\/strong>, will organize <strong>International Week in Vilnius<\/strong> n\u00eb muajin <strong>mars 2025<\/strong>. Ky event nd\u00ebrkomb\u00ebtar do t\u00eb mbledh\u00eb student\u00eb dhe profesionist\u00eb nga e gjith\u00eb bota p\u00ebr t\u00eb diskutuar temat m\u00eb t\u00eb r\u00ebnd\u00ebsishme t\u00eb menaxhimit nd\u00ebrkomb\u00ebtar, zhvillimit t\u00eb biznesit dhe mund\u00ebsive t\u00eb bashk\u00ebpunimit nd\u00ebrkulturor.<\/p>","protected":false},"excerpt":{"rendered":"<p>Universiteti &#8220;Aleksand\u00ebr Moisiu&#8221; i Durr\u00ebsit, Fakulteti i Biznesit, n\u00ebn udh\u00ebheqjen e Dr. Mirela Tase, do t\u00eb organizoj\u00eb International Week in [&hellip;]<\/p>\n","protected":false},"author":1,"featured_media":0,"template":"","meta":{"_tribe_events_status":"","_tribe_events_status_reason":"","footnotes":""},"tags":[],"tribe_events_cat":[76],"class_list":["post-14881","tribe_events","type-tribe_events","status-publish","hentry","tribe_events_cat-evente","cat_evente"],"yoast_head":"<!-- This site is optimized with the Yoast SEO plugin v27.4 - https:\/\/yoast.com\/product\/yoast-seo-wordpress\/ -->\n<title>International Week in Vilnius - Universiteti &quot;Aleksand\u00ebr Moisiu&quot;<\/title>\n<meta name=\"robots\" content=\"index, follow, max-snippet:-1, max-image-preview:large, max-video-preview:-1\" \/>\n<link rel=\"canonical\" href=\"https:\/\/uamd.edu.al\/en\/event\/international-week-in-vilnius-2\/\" \/>\n<meta property=\"og:locale\" content=\"en_US\" \/>\n<meta property=\"og:type\" content=\"article\" \/>\n<meta property=\"og:title\" content=\"International Week in Vilnius - Universiteti &quot;Aleksand\u00ebr Moisiu&quot;\" \/>\n<meta property=\"og:description\" content=\"Universiteti &#8220;Aleksand\u00ebr Moisiu&#8221; i Durr\u00ebsit, Fakulteti i Biznesit, n\u00ebn udh\u00ebheqjen e Dr. Mirela Tase, do t\u00eb organizoj\u00eb International Week in [&hellip;]\" \/>\n<meta property=\"og:url\" content=\"https:\/\/uamd.edu.al\/en\/event\/international-week-in-vilnius-2\/\" \/>\n<meta property=\"og:site_name\" content=\"Universiteti &quot;Aleksand\u00ebr Moisiu&quot;\" \/>\n<meta property=\"article:publisher\" content=\"https:\/\/www.instagram.com\/uamdofficial\/\" \/>\n<meta name=\"twitter:card\" content=\"summary_large_image\" \/>\n<meta name=\"twitter:site\" content=\"@UAMDofficial\" \/>\n<meta name=\"twitter:label1\" content=\"Est. reading time\" \/>\n\t<meta name=\"twitter:data1\" content=\"1 minute\" \/>\n<script type=\"application\/ld+json\" class=\"yoast-schema-graph\">{\"@context\":\"https:\\\/\\\/schema.org\",\"@graph\":[{\"@type\":\"WebPage\",\"@id\":\"https:\\\/\\\/uamd.edu.al\\\/event\\\/international-week-in-vilnius-2\\\/\",\"url\":\"https:\\\/\\\/uamd.edu.al\\\/event\\\/international-week-in-vilnius-2\\\/\",\"name\":\"International Week in Vilnius - Universiteti &quot;Aleksand\u00ebr Moisiu&quot;\",\"isPartOf\":{\"@id\":\"https:\\\/\\\/uamd.edu.al\\\/#website\"},\"datePublished\":\"2024-11-21T09:21:22+00:00\",\"breadcrumb\":{\"@id\":\"https:\\\/\\\/uamd.edu.al\\\/event\\\/international-week-in-vilnius-2\\\/#breadcrumb\"},\"inLanguage\":\"en-US\",\"potentialAction\":[{\"@type\":\"ReadAction\",\"target\":[\"https:\\\/\\\/uamd.edu.al\\\/event\\\/international-week-in-vilnius-2\\\/\"]}]},{\"@type\":\"BreadcrumbList\",\"@id\":\"https:\\\/\\\/uamd.edu.al\\\/event\\\/international-week-in-vilnius-2\\\/#breadcrumb\",\"itemListElement\":[{\"@type\":\"ListItem\",\"position\":1,\"name\":\"Home\",\"item\":\"https:\\\/\\\/uamd.edu.al\\\/\"},{\"@type\":\"ListItem\",\"position\":2,\"name\":\"Events\",\"item\":\"https:\\\/\\\/uamd.edu.al\\\/events\\\/\"},{\"@type\":\"ListItem\",\"position\":3,\"name\":\"International Week in Vilnius\"}]},{\"@type\":\"WebSite\",\"@id\":\"https:\\\/\\\/uamd.edu.al\\\/#website\",\"url\":\"https:\\\/\\\/uamd.edu.al\\\/\",\"name\":\"Universiteti &quot;Aleksand\u00ebr Moisiu&quot;\",\"description\":\"\",\"publisher\":{\"@id\":\"https:\\\/\\\/uamd.edu.al\\\/#organization\"},\"potentialAction\":[{\"@type\":\"SearchAction\",\"target\":{\"@type\":\"EntryPoint\",\"urlTemplate\":\"https:\\\/\\\/uamd.edu.al\\\/?s={search_term_string}\"},\"query-input\":{\"@type\":\"PropertyValueSpecification\",\"valueRequired\":true,\"valueName\":\"search_term_string\"}}],\"inLanguage\":\"en-US\"},{\"@type\":\"Organization\",\"@id\":\"https:\\\/\\\/uamd.edu.al\\\/#organization\",\"name\":\"Universiteti Aleksand\u00ebr Moisiu\",\"url\":\"https:\\\/\\\/uamd.edu.al\\\/\",\"logo\":{\"@type\":\"ImageObject\",\"inLanguage\":\"en-US\",\"@id\":\"https:\\\/\\\/uamd.edu.al\\\/#\\\/schema\\\/logo\\\/image\\\/\",\"url\":\"https:\\\/\\\/uamd.edu.al\\\/wp-content\\\/uploads\\\/2022\\\/07\\\/cropped-Universiteti_i_Durresit__Aleksander_Moisiu_.svg.png\",\"contentUrl\":\"https:\\\/\\\/uamd.edu.al\\\/wp-content\\\/uploads\\\/2022\\\/07\\\/cropped-Universiteti_i_Durresit__Aleksander_Moisiu_.svg.png\",\"width\":512,\"height\":512,\"caption\":\"Universiteti Aleksand\u00ebr Moisiu\"},\"image\":{\"@id\":\"https:\\\/\\\/uamd.edu.al\\\/#\\\/schema\\\/logo\\\/image\\\/\"},\"sameAs\":[\"https:\\\/\\\/www.instagram.com\\\/uamdofficial\\\/\",\"https:\\\/\\\/x.com\\\/UAMDofficial\"]}]}<\/script>\n<!-- \/ Yoast SEO plugin. -->","yoast_head_json":{"title":"International Week in Vilnius - Universiteti &quot;Aleksand\u00ebr Moisiu&quot;","robots":{"index":"index","follow":"follow","max-snippet":"max-snippet:-1","max-image-preview":"max-image-preview:large","max-video-preview":"max-video-preview:-1"},"canonical":"https:\/\/uamd.edu.al\/en\/event\/international-week-in-vilnius-2\/","og_locale":"en_US","og_type":"article","og_title":"International Week in Vilnius - Universiteti &quot;Aleksand\u00ebr Moisiu&quot;","og_description":"Universiteti &#8220;Aleksand\u00ebr Moisiu&#8221; i Durr\u00ebsit, Fakulteti i Biznesit, n\u00ebn udh\u00ebheqjen e Dr. Mirela Tase, do t\u00eb organizoj\u00eb International Week in [&hellip;]","og_url":"https:\/\/uamd.edu.al\/en\/event\/international-week-in-vilnius-2\/","og_site_name":"Universiteti &quot;Aleksand\u00ebr Moisiu&quot;","article_publisher":"https:\/\/www.instagram.com\/uamdofficial\/","twitter_card":"summary_large_image","twitter_site":"@UAMDofficial","twitter_misc":{"Est. reading time":"1 minute"},"schema":{"@context":"https:\/\/schema.org","@graph":[{"@type":"WebPage","@id":"https:\/\/uamd.edu.al\/event\/international-week-in-vilnius-2\/","url":"https:\/\/uamd.edu.al\/event\/international-week-in-vilnius-2\/","name":"International Week in Vilnius - Universiteti &quot;Aleksand\u00ebr Moisiu&quot;","isPartOf":{"@id":"https:\/\/uamd.edu.al\/#website"},"datePublished":"2024-11-21T09:21:22+00:00","breadcrumb":{"@id":"https:\/\/uamd.edu.al\/event\/international-week-in-vilnius-2\/#breadcrumb"},"inLanguage":"en-US","potentialAction":[{"@type":"ReadAction","target":["https:\/\/uamd.edu.al\/event\/international-week-in-vilnius-2\/"]}]},{"@type":"BreadcrumbList","@id":"https:\/\/uamd.edu.al\/event\/international-week-in-vilnius-2\/#breadcrumb","itemListElement":[{"@type":"ListItem","position":1,"name":"Home","item":"https:\/\/uamd.edu.al\/"},{"@type":"ListItem","position":2,"name":"Events","item":"https:\/\/uamd.edu.al\/events\/"},{"@type":"ListItem","position":3,"name":"International Week in Vilnius"}]},{"@type":"WebSite","@id":"https:\/\/uamd.edu.al\/#website","url":"https:\/\/uamd.edu.al\/","name":"Universiteti &quot;Aleksand\u00ebr Moisiu&quot;","description":"","publisher":{"@id":"https:\/\/uamd.edu.al\/#organization"},"potentialAction":[{"@type":"SearchAction","target":{"@type":"EntryPoint","urlTemplate":"https:\/\/uamd.edu.al\/?s={search_term_string}"},"query-input":{"@type":"PropertyValueSpecification","valueRequired":true,"valueName":"search_term_string"}}],"inLanguage":"en-US"},{"@type":"Organization","@id":"https:\/\/uamd.edu.al\/#organization","name":"Universiteti Aleksand\u00ebr Moisiu","url":"https:\/\/uamd.edu.al\/","logo":{"@type":"ImageObject","inLanguage":"en-US","@id":"https:\/\/uamd.edu.al\/#\/schema\/logo\/image\/","url":"https:\/\/uamd.edu.al\/wp-content\/uploads\/2022\/07\/cropped-Universiteti_i_Durresit__Aleksander_Moisiu_.svg.png","contentUrl":"https:\/\/uamd.edu.al\/wp-content\/uploads\/2022\/07\/cropped-Universiteti_i_Durresit__Aleksander_Moisiu_.svg.png","width":512,"height":512,"caption":"Universiteti Aleksand\u00ebr Moisiu"},"image":{"@id":"https:\/\/uamd.edu.al\/#\/schema\/logo\/image\/"},"sameAs":["https:\/\/www.instagram.com\/uamdofficial\/","https:\/\/x.com\/UAMDofficial"]}]}},"_links":{"self":[{"href":"https:\/\/uamd.edu.al\/en\/wp-json\/wp\/v2\/tribe_events\/14881","targetHints":{"allow":["GET"]}}],"collection":[{"href":"https:\/\/uamd.edu.al\/en\/wp-json\/wp\/v2\/tribe_events"}],"about":[{"href":"https:\/\/uamd.edu.al\/en\/wp-json\/wp\/v2\/types\/tribe_events"}],"author":[{"embeddable":true,"href":"https:\/\/uamd.edu.al\/en\/wp-json\/wp\/v2\/users\/1"}],"version-history":[{"count":0,"href":"https:\/\/uamd.edu.al\/en\/wp-json\/wp\/v2\/tribe_events\/14881\/revisions"}],"wp:attachment":[{"href":"https:\/\/uamd.edu.al\/en\/wp-json\/wp\/v2\/media?parent=14881"}],"wp:term":[{"taxonomy":"post_tag","embeddable":true,"href":"https:\/\/uamd.edu.al\/en\/wp-json\/wp\/v2\/tags?post=14881"},{"taxonomy":"tribe_events_cat","embeddable":true,"href":"https:\/\/uamd.edu.al\/en\/wp-json\/wp\/v2\/tribe_events_cat?post=14881"}],"curies":[{"name":"wp","href":"https:\/\/api.w.org\/{rel}","templated":true}]}}

<p><strong>Universiteti &#8220;Aleksandër Moisiu&#8221; i Durrësit</strong>, Fakulteti i Biznesit, nën udhëheqjen e <strong>Dr. Mirela Tase</strong>, will organize <strong>International Week in Vilnius</strong> në muajin <strong>mars 2025</strong>. Ky event ndërkombëtar do të mbledhë studentë dhe profesionistë nga e gjithë bota për të diskutuar temat më të rëndësishme të menaxhimit ndërkombëtar, zhvillimit të biznesit dhe mundësive të bashkëpunimit ndërkulturor.</p>

<p>Universiteti &#8220;Aleksandër Moisiu&#8221; i Durrësit, Fakulteti i Biznesit, nën udhëheqjen e Dr. Mirela Tase, do të organizojë International Week in [&hellip;]</p>

<!-- This site is optimized with the Yoast SEO plugin v27.4 - https://yoast.com/product/yoast-seo-wordpress/ -->
<title>International Week in Vilnius - Universiteti &quot;Aleksandër Moisiu&quot;</title>
<meta name="robots" content="index, follow, max-snippet:-1, max-image-preview:large, max-video-preview:-1" />
<link rel="canonical" href="https://uamd.edu.al/en/event/international-week-in-vilnius-2/" />
<meta property="og:locale" content="en_US" />
<meta property="og:type" content="article" />
<meta property="og:title" content="International Week in Vilnius - Universiteti &quot;Aleksandër Moisiu&quot;" />
<meta property="og:description" content="Universiteti &#8220;Aleksandër Moisiu&#8221; i Durrësit, Fakulteti i Biznesit, nën udhëheqjen e Dr. Mirela Tase, do të organizojë International Week in [&hellip;]" />
<meta property="og:url" content="https://uamd.edu.al/en/event/international-week-in-vilnius-2/" />
<meta property="og:site_name" content="Universiteti &quot;Aleksandër Moisiu&quot;" />
<meta property="article:publisher" content="https://www.instagram.com/uamdofficial/" />
<meta name="twitter:card" content="summary_large_image" />
<meta name="twitter:site" content="@UAMDofficial" />
<meta name="twitter:label1" content="Est. reading time" />
	<meta name="twitter:data1" content="1 minute" />
<script type="application/ld+json" class="yoast-schema-graph">{"@context":"https:\/\/schema.org","@graph":[{"@type":"WebPage","@id":"https:\/\/uamd.edu.al\/event\/international-week-in-vilnius-2\/","url":"https:\/\/uamd.edu.al\/event\/international-week-in-vilnius-2\/","name":"International Week in Vilnius - Universiteti &quot;Aleksandër Moisiu&quot;","isPartOf":{"@id":"https:\/\/uamd.edu.al\/#website"},"datePublished":"2024-11-21T09:21:22+00:00","breadcrumb":{"@id":"https:\/\/uamd.edu.al\/event\/international-week-in-vilnius-2\/#breadcrumb"},"inLanguage":"en-US","potentialAction":[{"@type":"ReadAction","target":["https:\/\/uamd.edu.al\/event\/international-week-in-vilnius-2\/"]}]},{"@type":"BreadcrumbList","@id":"https:\/\/uamd.edu.al\/event\/international-week-in-vilnius-2\/#breadcrumb","itemListElement":[{"@type":"ListItem","position":1,"name":"Home","item":"https:\/\/uamd.edu.al\/"},{"@type":"ListItem","position":2,"name":"Events","item":"https:\/\/uamd.edu.al\/events\/"},{"@type":"ListItem","position":3,"name":"International Week in Vilnius"}]},{"@type":"WebSite","@id":"https:\/\/uamd.edu.al\/#website","url":"https:\/\/uamd.edu.al\/","name":"Universiteti &quot;Aleksandër Moisiu&quot;","description":"","publisher":{"@id":"https:\/\/uamd.edu.al\/#organization"},"potentialAction":[{"@type":"SearchAction","target":{"@type":"EntryPoint","urlTemplate":"https:\/\/uamd.edu.al\/?s={search_term_string}"},"query-input":{"@type":"PropertyValueSpecification","valueRequired":true,"valueName":"search_term_string"}}],"inLanguage":"en-US"},{"@type":"Organization","@id":"https:\/\/uamd.edu.al\/#organization","name":"Universiteti Aleksandër Moisiu","url":"https:\/\/uamd.edu.al\/","logo":{"@type":"ImageObject","inLanguage":"en-US","@id":"https:\/\/uamd.edu.al\/#\/schema\/logo\/image\/","url":"https:\/\/uamd.edu.al\/wp-content\/uploads\/2022\/07\/cropped-Universiteti_i_Durresit__Aleksander_Moisiu_.svg.png","contentUrl":"https:\/\/uamd.edu.al\/wp-content\/uploads\/2022\/07\/cropped-Universiteti_i_Durresit__Aleksander_Moisiu_.svg.png","width":512,"height":512,"caption":"Universiteti Aleksandër Moisiu"},"image":{"@id":"https:\/\/uamd.edu.al\/#\/schema\/logo\/image\/"},"sameAs":["https:\/\/www.instagram.com\/uamdofficial\/","https:\/\/x.com\/UAMDofficial"]}]}</script>
<!-- / Yoast SEO plugin. -->

International Week in Vilnius - Universiteti &quot;Aleksandër Moisiu&quot;

Universiteti &#8220;Aleksandër Moisiu&#8221; i Durrësit, Fakulteti i Biznesit, nën udhëheqjen e Dr. Mirela Tase, do të organizojë International Week in [&hellip;]

Universiteti &quot;Aleksandër Moisiu&quot;

Universiteti Aleksandër Moisiu
